{"id":18,"date":"2020-11-25T17:52:55","date_gmt":"2020-11-25T16:52:55","guid":{"rendered":"http:\/\/laetitialeroy.com\/?page_id=18"},"modified":"2021-03-26T12:33:48","modified_gmt":"2021-03-26T11:33:48","slug":"feminins-sacres","status":"publish","type":"page","link":"https:\/\/www.laetitialeroy.com\/index.php\/feminins-sacres\/","title":{"rendered":"F\u00e9minin sacr\u00e9"},"content":{"rendered":"\n<figure class=\"wp-block-image size-large\"><img loading=\"lazy\" decoding=\"async\" width=\"960\" height=\"638\" src=\"https:\/\/i0.wp.com\/laetitialeroy.com\/wp-content\/uploads\/2021\/02\/FAB_0163-1024x681.jpg?resize=960%2C638\" alt=\"\" class=\"wp-image-136\" srcset=\"https:\/\/i1.wp.com\/www.laetitialeroy.com\/wp-content\/uploads\/2021\/02\/FAB_0163.jpg?resize=1024%2C681&amp;ssl=1 1024w, https:\/\/i1.wp.com\/www.laetitialeroy.com\/wp-content\/uploads\/2021\/02\/FAB_0163.jpg?resize=300%2C200&amp;ssl=1 300w, https:\/\/i1.wp.com\/www.laetitialeroy.com\/wp-content\/uploads\/2021\/02\/FAB_0163.jpg?resize=768%2C511&amp;ssl=1 768w, https:\/\/i1.wp.com\/www.laetitialeroy.com\/wp-content\/uploads\/2021\/02\/FAB_0163.jpg?w=1087&amp;ssl=1 1087w\" sizes=\"(max-width: 960px) 100vw, 960px\" data-recalc-dims=\"1\" \/><\/figure>\n\n\n\n<p>Affich\u00e9s en t\u00eate de gondole des librairies, de nombreux livres, de magasines, de podcasts traitent ce vaste sujet . De plus en plus de femmes  se sentent appel\u00e9es ou sont invit\u00e9es par d&#8217;autres femmes \u00e0 se (re)connecter a leur f\u00e9minin sacr\u00e9. <\/p>\n\n\n\n<h2 class=\"has-text-align-center wp-block-heading\"><span class=\"has-inline-color has-vivid-cyan-blue-color\"><strong>Le f\u00e9minin sacr\u00e9 , mais qu&#8217;est-ce que c&#8217;est ? <\/strong> <\/span><\/h2>\n\n\n\n<p><em><strong>Le sacr\u00e9<\/strong><\/em> implique l&#8217;existence de quelqu&#8217;un ou quelque chose comme \u00e9tant divin, ind\u00e9pendamment de la religion. <\/p>\n\n\n\n<p><strong><em>Le f\u00e9minin sacr\u00e9<\/em><\/strong>, c&#8217;est la dimension divine de la nature f\u00e9minine.<\/p>\n\n\n\n<p><em><strong>S&#8217;\u00e9veiller \u00e0 son f\u00e9minin sacr\u00e9<\/strong><\/em>, c&#8217;est se connecter \u00e0 ses \u00e9nergies divines pour devenir actrice de son existence, aller \u00e0 la rencontre de la d\u00e9esse qui sommeille en nous, la magicienne, la puissante. Reprendre son <strong>pouvoir personnel<\/strong>.<br><\/p>\n\n\n\n<p>C&#8217;est une <strong>pratique spirituelle<\/strong> qui nous permet de nous relier \u00e0 plus grand, l&#8217;Univers, la Source, l&#8217;Energie, la Puissance ancestrale, chacun.e l&#8217;appelle comme il\/elle le sent. Elle permet d&#8217;\u00eatre plus conscient.e et nous permet d&#8217;\u00eatre <em>nous<\/em> dans <strong>tous ses possibles<\/strong>, de mieux nous conna\u00eetre et se permettre d&#8217;\u00eatre soi.<\/p>\n\n\n\n<p>Il y a plein de mani\u00e8res de se connecter \u00e0 son f\u00e9minin sacr\u00e9, la meilleure \u00e9tant <strong>celle que VOUS CHOISISSEZ<\/strong>.<\/p>\n\n\n\n<p>Les cercles de femmes, la c\u00e9l\u00e9bration des grandes f\u00eates, le chamanisme, l&#8217;herboristerie, la danse, la cr\u00e9ation, la m\u00e9ditation &#8230;<br><\/p>\n\n\n\n<p>Toutes ces pratiques vous am\u00e8neront \u00e0 :<\/p>\n\n\n\n<ul><li>Vous <strong>connecter<\/strong> \u00e0 votre nature profonde<\/li><li>(Re)Cr\u00e9er le lien si sacr\u00e9 qu&#8217;on appelle la <strong>SORORIT\u00c9<\/strong><\/li><li>Moins juger, vous-m\u00eame et les autres femmes<\/li><li>Vous <strong>affranchir des injonctions<\/strong> de notre soci\u00e9t\u00e9<\/li><li>Incarner votre <strong>plein potentiel<\/strong> dans tous les domaines de la vie<\/li><li><strong>Aimer<\/strong> qui vous \u00eates, aimer l&#8217;autre pour ce qu&#8217;il est <\/li><li>Et tellement d&#8217;autres choses &#8230;<\/li><\/ul>\n\n\n\n<p>Je pense sinc\u00e8rement que c&#8217;est un<strong> chemin de lib\u00e9ration personnelle<\/strong> que TOUTES LES FEMMES devraient d\u00e9couvrir. <\/p>\n\n\n\n<p>Vous seriez surprises \ud83d\ude42 C&#8217;est un merveilleux chemin vers <strong>l&#8217;acceptation de soi<\/strong> et de d\u00e9couverte du monde avec un regard <strong>BIENVEILLANT et LUMINEUX<\/strong>.<\/p>\n\n\n\n<p><\/p>\n\n\n\n<p>Dis comme \u00e7a, \u00e7a semble \u00eatre un chemin bisounours. <br>Reconna\u00eetre sa propre lumi\u00e8re passe aussi par la (re)connaissance de soi, de ses parts d&#8217;ombre, de l&#8217;acceptation de soi dans toutes ses facettes, positives et celles qui peuvent nous para\u00eetre n\u00e9gatives.<\/p>\n\n\n\n<figure class=\"wp-block-gallery columns-3 is-cropped wp-block-gallery-1 is-layout-flex wp-block-gallery-is-layout-flex\"><ul class=\"blocks-gallery-grid\"><li class=\"blocks-gallery-item\"><figure><img loading=\"lazy\" decoding=\"async\" width=\"960\" height=\"638\" src=\"https:\/\/i2.wp.com\/laetitialeroy.com\/wp-content\/uploads\/2020\/12\/moonmother-1024x681.jpg?resize=960%2C638\" alt=\"\" data-id=\"116\" data-full-url=\"http:\/\/laetitialeroy.com\/wp-content\/uploads\/2020\/12\/moonmother-scaled.jpg\" data-link=\"http:\/\/laetitialeroy.com\/index.php\/soins-de-luterus-et-de-lame\/moonmother\/\" class=\"wp-image-116\" srcset=\"https:\/\/i1.wp.com\/www.laetitialeroy.com\/wp-content\/uploads\/2020\/12\/moonmother-scaled.jpg?resize=1024%2C681&amp;ssl=1 1024w, https:\/\/i1.wp.com\/www.laetitialeroy.com\/wp-content\/uploads\/2020\/12\/moonmother-scaled.jpg?resize=300%2C200&amp;ssl=1 300w, https:\/\/i1.wp.com\/www.laetitialeroy.com\/wp-content\/uploads\/2020\/12\/moonmother-scaled.jpg?resize=768%2C511&amp;ssl=1 768w, https:\/\/i1.wp.com\/www.laetitialeroy.com\/wp-content\/uploads\/2020\/12\/moonmother-scaled.jpg?resize=1536%2C1022&amp;ssl=1 1536w, https:\/\/i1.wp.com\/www.laetitialeroy.com\/wp-content\/uploads\/2020\/12\/moonmother-scaled.jpg?resize=2048%2C1363&amp;ssl=1 2048w, https:\/\/i1.wp.com\/www.laetitialeroy.com\/wp-content\/uploads\/2020\/12\/moonmother-scaled.jpg?resize=1140%2C759&amp;ssl=1 1140w, https:\/\/i1.wp.com\/www.laetitialeroy.com\/wp-content\/uploads\/2020\/12\/moonmother-scaled.jpg?w=1920&amp;ssl=1 1920w\" sizes=\"(max-width: 960px) 100vw, 960px\" data-recalc-dims=\"1\" \/><figcaption class=\"blocks-gallery-item__caption\"><a href=\"http:\/\/laetitialeroy.com\/index.php\/benediction-de-luterus\/\">B\u00e9n\u00e9diction de l&#8217;ut\u00e9rus<\/a> <\/figcaption><\/figure><\/li><li class=\"blocks-gallery-item\"><figure><img loading=\"lazy\" decoding=\"async\" width=\"960\" height=\"960\" src=\"https:\/\/i0.wp.com\/laetitialeroy.com\/wp-content\/uploads\/2020\/12\/IMG_6957-1024x1024.jpg?resize=960%2C960\" alt=\"\" data-id=\"120\" data-full-url=\"http:\/\/laetitialeroy.com\/wp-content\/uploads\/2020\/12\/IMG_6957.jpg\" data-link=\"http:\/\/laetitialeroy.com\/index.php\/cercle-de-femmes\/img_6957\/\" class=\"wp-image-120\" srcset=\"https:\/\/i0.wp.com\/www.laetitialeroy.com\/wp-content\/uploads\/2020\/12\/IMG_6957.jpg?resize=1024%2C1024&amp;ssl=1 1024w, https:\/\/i0.wp.com\/www.laetitialeroy.com\/wp-content\/uploads\/2020\/12\/IMG_6957.jpg?resize=300%2C300&amp;ssl=1 300w, https:\/\/i0.wp.com\/www.laetitialeroy.com\/wp-content\/uploads\/2020\/12\/IMG_6957.jpg?resize=150%2C150&amp;ssl=1 150w, https:\/\/i0.wp.com\/www.laetitialeroy.com\/wp-content\/uploads\/2020\/12\/IMG_6957.jpg?resize=768%2C768&amp;ssl=1 768w, https:\/\/i0.wp.com\/www.laetitialeroy.com\/wp-content\/uploads\/2020\/12\/IMG_6957.jpg?resize=75%2C75&amp;ssl=1 75w, https:\/\/i0.wp.com\/www.laetitialeroy.com\/wp-content\/uploads\/2020\/12\/IMG_6957.jpg?w=1080&amp;ssl=1 1080w\" sizes=\"(max-width: 960px) 100vw, 960px\" data-recalc-dims=\"1\" \/><figcaption class=\"blocks-gallery-item__caption\"><a href=\"http:\/\/laetitialeroy.com\/index.php\/cercle-de-femmes\/\">Cercle de femmes<\/a><\/figcaption><\/figure><\/li><li class=\"blocks-gallery-item\"><figure><img loading=\"lazy\" decoding=\"async\" width=\"960\" height=\"638\" src=\"https:\/\/i0.wp.com\/laetitialeroy.com\/wp-content\/uploads\/2021\/02\/bolmain-1024x681.jpg?resize=960%2C638\" alt=\"\" data-id=\"271\" data-full-url=\"http:\/\/laetitialeroy.com\/wp-content\/uploads\/2021\/02\/bolmain-scaled.jpg\" data-link=\"http:\/\/laetitialeroy.com\/index.php\/feminins-sacres\/bolmain-2\/\" class=\"wp-image-271\" srcset=\"https:\/\/i2.wp.com\/www.laetitialeroy.com\/wp-content\/uploads\/2021\/02\/bolmain-scaled.jpg?resize=1024%2C681&amp;ssl=1 1024w, https:\/\/i2.wp.com\/www.laetitialeroy.com\/wp-content\/uploads\/2021\/02\/bolmain-scaled.jpg?resize=300%2C200&amp;ssl=1 300w, https:\/\/i2.wp.com\/www.laetitialeroy.com\/wp-content\/uploads\/2021\/02\/bolmain-scaled.jpg?resize=768%2C511&amp;ssl=1 768w, https:\/\/i2.wp.com\/www.laetitialeroy.com\/wp-content\/uploads\/2021\/02\/bolmain-scaled.jpg?resize=1536%2C1022&amp;ssl=1 1536w, https:\/\/i2.wp.com\/www.laetitialeroy.com\/wp-content\/uploads\/2021\/02\/bolmain-scaled.jpg?resize=2048%2C1363&amp;ssl=1 2048w, https:\/\/i2.wp.com\/www.laetitialeroy.com\/wp-content\/uploads\/2021\/02\/bolmain-scaled.jpg?resize=1140%2C759&amp;ssl=1 1140w, https:\/\/i2.wp.com\/www.laetitialeroy.com\/wp-content\/uploads\/2021\/02\/bolmain-scaled.jpg?w=1920&amp;ssl=1 1920w\" sizes=\"(max-width: 960px) 100vw, 960px\" data-recalc-dims=\"1\" \/><figcaption class=\"blocks-gallery-item__caption\"><a href=\"http:\/\/laetitialeroy.com\/index.php\/soins-de-luterus-et-de-lame\/\">Soin de l&#8217;ut\u00e9rus et soin de l&#8217;\u00e2me f\u00e9minine<\/a><\/figcaption><\/figure><\/li><\/ul><figcaption class=\"blocks-gallery-caption\">Photos @Fabrice Mousel<\/figcaption><\/figure>\n\n\n\n<p><\/p>\n","protected":false},"excerpt":{"rendered":"<p>Affich\u00e9s en t\u00eate de gondole des librairies, de nombreux livres, de magasines, de podcasts traitent ce vaste sujet . De plus en plus de femmes se sentent appel\u00e9es ou sont invit\u00e9es par d&#8217;autres femmes \u00e0 se (re)connecter a leur f\u00e9minin sacr\u00e9. Le f\u00e9minin sacr\u00e9 , mais qu&#8217;est-ce que c&#8217;est ? Le sacr\u00e9 implique l&#8217;existence de quelqu&#8217;un ou quelque chose comme \u00e9tant divin, ind\u00e9pendamment de la religion. Le f\u00e9minin sacr\u00e9, c&#8217;est la dimension divine de la nature f\u00e9minine. S&#8217;\u00e9veiller \u00e0 son f\u00e9minin sacr\u00e9, c&#8217;est se connecter \u00e0 ses \u00e9nergies divines pour devenir actrice de son existence, aller \u00e0 la rencontre de la d\u00e9esse qui sommeille en nous, la magicienne, la puissante. Reprendre son pouvoir personnel. C&#8217;est une pratique spirituelle qui nous permet de nous relier \u00e0 plus grand, l&#8217;Univers, la Source, l&#8217;Energie, la Puissance ancestrale, chacun.e l&#8217;appelle comme il\/elle le sent. Elle permet d&#8217;\u00eatre plus conscient.e et nous permet d&#8217;\u00eatre nous dans tous ses possibles, de mieux nous conna\u00eetre et se permettre d&#8217;\u00eatre soi. Il y a plein de mani\u00e8res de se connecter \u00e0 son f\u00e9minin sacr\u00e9, la meilleure \u00e9tant celle que VOUS CHOISISSEZ. Les cercles de femmes, la c\u00e9l\u00e9bration des grandes f\u00eates, le chamanisme, l&#8217;herboristerie, la danse, la cr\u00e9ation, la m\u00e9ditation &#8230; Toutes ces pratiques vous am\u00e8neront \u00e0 : Vous connecter \u00e0 votre nature profonde (Re)Cr\u00e9er le lien si sacr\u00e9 qu&#8217;on appelle la SORORIT\u00c9 Moins juger, vous-m\u00eame et les autres femmes Vous affranchir des injonctions de notre soci\u00e9t\u00e9 Incarner votre plein potentiel dans tous les domaines de la vie Aimer qui vous \u00eates, aimer l&#8217;autre pour ce qu&#8217;il est Et tellement d&#8217;autres choses &#8230; Je pense sinc\u00e8rement que c&#8217;est un chemin de lib\u00e9ration personnelle que TOUTES LES FEMMES devraient d\u00e9couvrir. Vous seriez surprises \ud83d\ude42 C&#8217;est un merveilleux chemin vers l&#8217;acceptation de soi et de d\u00e9couverte du monde avec un regard BIENVEILLANT et LUMINEUX. Dis comme \u00e7a, \u00e7a semble \u00eatre un chemin bisounours. Reconna\u00eetre sa propre lumi\u00e8re passe aussi par la (re)connaissance de soi, de ses parts d&#8217;ombre, de l&#8217;acceptation de soi dans toutes ses facettes, positives et celles qui peuvent nous para\u00eetre n\u00e9gatives.<\/p>\n","protected":false},"author":1,"featured_media":0,"parent":0,"menu_order":0,"comment_status":"closed","ping_status":"closed","template":"","meta":{"_monsterinsights_skip_tracking":false,"_monsterinsights_sitenote_active":false,"_monsterinsights_sitenote_note":"","_monsterinsights_sitenote_category":0,"spay_email":"","footnotes":""},"yoast_head":"<!-- This site is optimized with the Yoast SEO plugin v16.4 - https:\/\/yoast.com\/wordpress\/plugins\/seo\/ -->\n<title>F\u00e9minin sacr\u00e9 - Laetitia Leroy<\/title>\n<meta name=\"robots\" content=\"index, follow, max-snippet:-1, max-image-preview:large, max-video-preview:-1\" \/>\n<link rel=\"canonical\" href=\"https:\/\/www.laetitialeroy.com\/index.php\/feminins-sacres\/\" \/>\n<meta property=\"og:locale\" content=\"fr_FR\" \/>\n<meta property=\"og:type\" content=\"article\" \/>\n<meta property=\"og:title\" content=\"F\u00e9minin sacr\u00e9 - Laetitia Leroy\" \/>\n<meta property=\"og:description\" content=\"Affich\u00e9s en t\u00eate de gondole des librairies, de nombreux livres, de magasines, de podcasts traitent ce vaste sujet . De plus en plus de femmes se sentent appel\u00e9es ou sont invit\u00e9es par d&#8217;autres femmes \u00e0 se (re)connecter a leur f\u00e9minin sacr\u00e9. Le f\u00e9minin sacr\u00e9 , mais qu&#8217;est-ce que c&#8217;est ? Le sacr\u00e9 implique l&#8217;existence de quelqu&#8217;un ou quelque chose comme \u00e9tant divin, ind\u00e9pendamment de la religion. Le f\u00e9minin sacr\u00e9, c&#8217;est la dimension divine de la nature f\u00e9minine. S&#8217;\u00e9veiller \u00e0 son f\u00e9minin sacr\u00e9, c&#8217;est se connecter \u00e0 ses \u00e9nergies divines pour devenir actrice de son existence, aller \u00e0 la rencontre de la d\u00e9esse qui sommeille en nous, la magicienne, la puissante. Reprendre son pouvoir personnel. C&#8217;est une pratique spirituelle qui nous permet de nous relier \u00e0 plus grand, l&#8217;Univers, la Source, l&#8217;Energie, la Puissance ancestrale, chacun.e l&#8217;appelle comme il\/elle le sent. Elle permet d&#8217;\u00eatre plus conscient.e et nous permet d&#8217;\u00eatre nous dans tous ses possibles, de mieux nous conna\u00eetre et se permettre d&#8217;\u00eatre soi. Il y a plein de mani\u00e8res de se connecter \u00e0 son f\u00e9minin sacr\u00e9, la meilleure \u00e9tant celle que VOUS CHOISISSEZ. Les cercles de femmes, la c\u00e9l\u00e9bration des grandes f\u00eates, le chamanisme, l&#8217;herboristerie, la danse, la cr\u00e9ation, la m\u00e9ditation &#8230; Toutes ces pratiques vous am\u00e8neront \u00e0 : Vous connecter \u00e0 votre nature profonde (Re)Cr\u00e9er le lien si sacr\u00e9 qu&#8217;on appelle la SORORIT\u00c9 Moins juger, vous-m\u00eame et les autres femmes Vous affranchir des injonctions de notre soci\u00e9t\u00e9 Incarner votre plein potentiel dans tous les domaines de la vie Aimer qui vous \u00eates, aimer l&#8217;autre pour ce qu&#8217;il est Et tellement d&#8217;autres choses &#8230; Je pense sinc\u00e8rement que c&#8217;est un chemin de lib\u00e9ration personnelle que TOUTES LES FEMMES devraient d\u00e9couvrir. Vous seriez surprises \ud83d\ude42 C&#8217;est un merveilleux chemin vers l&#8217;acceptation de soi et de d\u00e9couverte du monde avec un regard BIENVEILLANT et LUMINEUX. Dis comme \u00e7a, \u00e7a semble \u00eatre un chemin bisounours. Reconna\u00eetre sa propre lumi\u00e8re passe aussi par la (re)connaissance de soi, de ses parts d&#8217;ombre, de l&#8217;acceptation de soi dans toutes ses facettes, positives et celles qui peuvent nous para\u00eetre n\u00e9gatives.\" \/>\n<meta property=\"og:url\" content=\"https:\/\/www.laetitialeroy.com\/index.php\/feminins-sacres\/\" \/>\n<meta property=\"og:site_name\" content=\"Laetitia Leroy\" \/>\n<meta property=\"article:publisher\" content=\"http:\/\/www.facebook.com\/laetitiaenergies\" \/>\n<meta property=\"article:modified_time\" content=\"2021-03-26T11:33:48+00:00\" \/>\n<meta property=\"og:image\" content=\"http:\/\/laetitialeroy.com\/wp-content\/uploads\/2021\/02\/FAB_0163-1024x681.jpg\" \/>\n<meta name=\"twitter:card\" content=\"summary_large_image\" \/>\n<meta name=\"twitter:label1\" content=\"Dur\u00e9e de lecture est.\" \/>\n\t<meta name=\"twitter:data1\" content=\"2 minutes\" \/>\n<script type=\"application\/ld+json\" class=\"yoast-schema-graph\">{\"@context\":\"https:\/\/schema.org\",\"@graph\":[{\"@type\":\"WebSite\",\"@id\":\"https:\/\/www.laetitialeroy.com\/#website\",\"url\":\"https:\/\/www.laetitialeroy.com\/\",\"name\":\"Laetitia Leroy\",\"description\":\"Soin \/ Accompagnement\/ Art\",\"potentialAction\":[{\"@type\":\"SearchAction\",\"target\":\"https:\/\/www.laetitialeroy.com\/?s={search_term_string}\",\"query-input\":\"required name=search_term_string\"}],\"inLanguage\":\"fr-FR\"},{\"@type\":\"ImageObject\",\"@id\":\"https:\/\/www.laetitialeroy.com\/index.php\/feminins-sacres\/#primaryimage\",\"inLanguage\":\"fr-FR\",\"url\":\"http:\/\/laetitialeroy.com\/wp-content\/uploads\/2021\/02\/FAB_0163-1024x681.jpg\",\"contentUrl\":\"http:\/\/laetitialeroy.com\/wp-content\/uploads\/2021\/02\/FAB_0163-1024x681.jpg\"},{\"@type\":\"WebPage\",\"@id\":\"https:\/\/www.laetitialeroy.com\/index.php\/feminins-sacres\/#webpage\",\"url\":\"https:\/\/www.laetitialeroy.com\/index.php\/feminins-sacres\/\",\"name\":\"F\\u00e9minin sacr\\u00e9 - Laetitia Leroy\",\"isPartOf\":{\"@id\":\"https:\/\/www.laetitialeroy.com\/#website\"},\"primaryImageOfPage\":{\"@id\":\"https:\/\/www.laetitialeroy.com\/index.php\/feminins-sacres\/#primaryimage\"},\"datePublished\":\"2020-11-25T16:52:55+00:00\",\"dateModified\":\"2021-03-26T11:33:48+00:00\",\"breadcrumb\":{\"@id\":\"https:\/\/www.laetitialeroy.com\/index.php\/feminins-sacres\/#breadcrumb\"},\"inLanguage\":\"fr-FR\",\"potentialAction\":[{\"@type\":\"ReadAction\",\"target\":[\"https:\/\/www.laetitialeroy.com\/index.php\/feminins-sacres\/\"]}]},{\"@type\":\"BreadcrumbList\",\"@id\":\"https:\/\/www.laetitialeroy.com\/index.php\/feminins-sacres\/#breadcrumb\",\"itemListElement\":[{\"@type\":\"ListItem\",\"position\":1,\"item\":{\"@type\":\"WebPage\",\"@id\":\"https:\/\/www.laetitialeroy.com\/\",\"url\":\"https:\/\/www.laetitialeroy.com\/\",\"name\":\"Accueil\"}},{\"@type\":\"ListItem\",\"position\":2,\"item\":{\"@id\":\"https:\/\/www.laetitialeroy.com\/index.php\/feminins-sacres\/#webpage\"}}]}]}<\/script>\n<!-- \/ Yoast SEO plugin. -->","_links":{"self":[{"href":"https:\/\/www.laetitialeroy.com\/index.php\/wp-json\/wp\/v2\/pages\/18"}],"collection":[{"href":"https:\/\/www.laetitialeroy.com\/index.php\/wp-json\/wp\/v2\/pages"}],"about":[{"href":"https:\/\/www.laetitialeroy.com\/index.php\/wp-json\/wp\/v2\/types\/page"}],"author":[{"embeddable":true,"href":"https:\/\/www.laetitialeroy.com\/index.php\/wp-json\/wp\/v2\/users\/1"}],"replies":[{"embeddable":true,"href":"https:\/\/www.laetitialeroy.com\/index.php\/wp-json\/wp\/v2\/comments?post=18"}],"version-history":[{"count":30,"href":"https:\/\/www.laetitialeroy.com\/index.php\/wp-json\/wp\/v2\/pages\/18\/revisions"}],"predecessor-version":[{"id":551,"href":"https:\/\/www.laetitialeroy.com\/index.php\/wp-json\/wp\/v2\/pages\/18\/revisions\/551"}],"wp:attachment":[{"href":"https:\/\/www.laetitialeroy.com\/index.php\/wp-json\/wp\/v2\/media?parent=18"}],"curies":[{"name":"wp","href":"https:\/\/api.w.org\/{rel}","templated":true}]}}